76*s**3 + s**2 - 6*s + 6. Suppose l + 8 = 4*l - d, 2*l + 3*d + 13 = 0. List the prime factors of q(l).
577
Let w = -34 + 117. Suppose w*p - 86*p = -15. What are the prime factors of p?
5
Let z = 34 - 71. Let r = -86 - z. Let i = r - -125. What are the prime factors of i?
2, 19
Suppose 0 = 3*w - 9, 2*d + 5*w - 4 - 13 = 0. Let t be (-2 + 4 + d)/1. What are the prime factors of 271/t - (-9)/(54/4)?
7, 13
Let y(m) = 10*m**3 + 8*m**2 - 2*m**2 - 8*m - 7*m**2 - 2*m**2. Let o be y(4). Suppose -103 = -x + 2*l, -3*l = -4*x + o - 158. List the prime factors of x.
3, 11
Let k be (-1)/(8/20)*-2. Let d = -133 + 137. What are the prime factors of 62 - (k + d/(-2))?
59
Let o(z) = z**3 - 6*z**2 - 7*z + 7. Let f be o(7). Suppose 8*y - f - 17 = 0. Suppose 7*u = y*u + 272. What are the prime factors of u?
2, 17
Let z be (27/12)/(9/6)*234. Suppose -3999 = -6*d + z. What are the prime factors of d?
5, 29
Let y = -63 + 257. What are the prime factors of -3 - (-18)/(-4)*y/(-3)?
2, 3
Suppose 0 = -202*x + 10917975 + 582491. List the prime factors of x.
17, 197
Let y be 4 - ((-8)/4 + 12). Let c be (-4)/4*(3*y - -1). Let n(w) = w**3 - 16*w**2 - 13*w - 23. List the prime factors of n(c).
3, 5
Let m(d) = 3*d - 39. Let f be m(17). Let p be ((-6)/5)/(f/(-3870)). Suppose -6*t - p = -15*t. List the prime factors of t.
43
Let u = 53 - 556. Let s be 2/4 + 521/(-2). Let z = s - u. List the prime factors of z.
3
Let s be (-616)/(-77) + 0 + -6. What are the prime factors of 15 - -766 - (1 - 2)*s?
3, 29
Let k = -201 + 174. What are the prime factors of k/5*(2 + 8 - 165)?
3, 31
Suppose -235*h + 169800 = -119*h - 96*h. List the prime factors of h.
2, 3, 5, 283
Let x(d) = d**3 + 23*d**2 + 36*d + 1. Let s be x(-19). Suppose 2875 = 4*p + 3*c, 2*c + s + 659 = 2*p. List the prime factors of p.
5, 11, 13
Let a(s) = -49*s + 5826. What are the prime factors of a(-40)?
2, 17, 229
Let f(w) = w**3 - 34*w**2 - 30*w + 159. List the prime factors of f(41).
2, 7, 191
Let o = -80 - -88. Suppose -2810 = -o*v + 3*v. What are the prime factors of v?
2, 281
Suppose -h = -37 + 46. Let f(g) = g**3 + 13*g**2 + 4*g + 21. Let n be f(h). Suppose -n = 7*p - 1394. List the prime factors of p.
5, 31
Suppose 5*s = -13 + 193. Let k = s + -27. What are the prime factors of k*9 - ((-6 - -1) + 5)?
3
Suppose -8*p - 99750 = -92*p - 16506. List the prime factors of p.
991
Let i = 201 + -33. Suppose -5*y + 0*y - 3*k = -i, k - 1 = 0. What are the prime factors of 8145/y + (-10)/(-55)?
13, 19
Let h(j) = 3*j**2 + 6*j - 15. Let u be h(-13). Let v = 9 + -6. Suppose -6*a = -v*a - u. List the prime factors of a.
2, 3, 23
Suppose 0 = 3*q - 3*v + 75, -3*q + 8*q = -v - 125. Let x = q + 15. List the prime factors of 4/x + 928/20.
2, 23
Let f(r) = 13*r + 12. Let y be f(-2). Let i(q) = -18*q + 23. List the prime factors of i(y).
5, 11
Suppose -10 = -l - 15. Let z(c) = c**3 + 8*c**2 + 12*c - 4. Let q be z(l). Suppose q = 3*h - h - 5*g, h - 12 = -4*g. List the prime factors of h.
2
Let c = 74 - 32. Let s = c + -46. Let u(t) = -12*t + 8. What are the prime factors of u(s)?
2, 7
Suppose 2*i - 43048 = 43*h - 47*h, 0 = 5*h - 2*i - 53828. List the prime factors of h.
2, 3, 13, 23
Let t = -12452 - -58300. List the prime factors of t.
2, 11, 521
Suppose 4*k + 0*w + 143 = w, 3*k - 3*w = -114. Let z be 696/5 - (-7)/k. What are the prime factors of z*1 - -1*(5 + -2)?
2, 71
Let f = -813 - -1425. Suppose 4*w + 0*h + 2*h = 88, -112 = -4*w + 4*h. Suppose -w*s = -21*s - f. What are the prime factors of s?
2, 3, 17
Suppose -18*k + 12 = -6*k. List the prime factors of 8/(-28)*k + (-2592)/(-7).
2, 5, 37
Let m = 15 + -11. Suppose 36 = 5*r - 3*q, 2*r - 6*q = -m*q + 12. Suppose 8*p = r*p - 87. List the prime factors of p.
3, 29
Let t = 763 - -1201. List the prime factors of t.
2, 491
Let c(q) = -6*q + 122. Let h be (-12)/20 - (-18)/5. Suppose -7*p = h*p - 3*p. What are the prime factors of c(p)?
2, 61
Let o = 8 + 27. Let r = o + -139. Let w = 151 + r. List the prime factors of w.
47
Let v(k) = -k**2 - 10*k + 149. Let z be v(8). Suppose -986 = -o - z*a, -4*o - 24*a = -27*a - 3875. List the prime factors of o.
971
Suppose 3*p - 13*p + 0*p = -61440. List the prime factors of p.
2, 3
Suppose 341*l - 13275 = 296*l. What are the prime factors of l?
5, 59
Suppose -43*p = -38*p - 10. List the prime factors of (-4)/(-4)*(926 - 0)/p.
463
Let d = -19529 - -54403. What are the prime factors of d?
2, 7, 47, 53
Let z(u) = -8*u**3 + 3*u**2 + 2*u - 1. Let g be z(-2). Suppose -g = -8*b - 271. What are the prime factors of b/(-2)*-16*10/(-25)?
2, 5
Let y = 213 - 212. List the prime factors of y - (644/(-5) + (-120)/(-150)).
3, 43
Let p(h) be the third derivative of -h**5/30 - 2*h**4/3 + 8*h**3/3 - 25*h**2. Let b be p(-8). What are the prime factors of 1342*2/b + (-6)/8?
167
Let t = -676 + 23085. What are the prime factors of t?
22409
Let l be 28 + ((-8)/4 - -4). Let c = 40 - l. What are the prime factors of c + -5*(-2)/10?
11
Suppose 2*l - 7*l - 885 = 0. Let h = 549 + -638. Let o = h - l. What are the prime factors of o?
2, 11
Suppose 10*u + 5*u + 20*u = 318115. List the prime factors of u.
61, 149
Let r(a) = -a + 39. Suppose 310 = 8*k + 30. Let q be 1/(-2) - (0 - k/(-2)). List the prime factors of r(q).
3, 19
Suppose -554 + 2716 = 2*x. Suppose -407 = -3*n + 2*i + 654, 0 = 3*n + 2*i - x. List the prime factors of n.
3, 7, 17
Let m = 37 - 6. Let k = m + -27. Suppose 0*q = -k*q + 12, -5*j + q + 227 = 0. What are the prime factors of j?
2, 23
Suppose -54 = -5*c - 13*c. Suppose -2*a + 3*a - 3*k = 1297, -c*k + 6575 = 5*a. List the prime factors of a.
2, 41
Let w(c) = c**3 + 30*c**2 - 29*c + 57. Let n be w(-31). Let l(r) = 7*r**2 + r - 7. List the prime factors of l(n).
163
What are the prime factors of 806/2015 + (-81988)/(-5)?
2, 3, 911
Let u be ((-6)/(-2) + -4)*65 - 3. Let i = u + 72. Suppose i*v + 2*m = 926, -2*v - 3*m + 1160 = 3*v. List the prime factors of v.
229
Suppose -5*z + 12 = -z. Suppose z*r = 5*r - 384. List the prime factors of r.
2, 3
Let s(x) = -9*x - 12*x + 43*x - 12*x + 7. Let z = 20 - 18. What are the prime factors of s(z)?
3
Let x(o) be the first derivative of -o**3/3 - 5*o**2 + 5*o - 12. Let m be x(-9). Suppose 4*y = 46 + m. List the prime factors of y.
3, 5
Let i = 174 - 166. What are the prime factors of ((-12848)/i)/(4*(-2)/4)?
11, 73
Let y(r) = r**3 + 1 + r**2 + 5 - 4*r**2. Let q = -2104 - -2110. List the prime factors of y(q).
2, 3, 19
Let r(c) = 6*c - 26. Let v be (2/8)/((-3)/(-24)). Suppose -2*j = -12 - v. List the prime factors of r(j).
2
What are the prime factors of 242/3509 + 1686230/58?
3, 11, 881
Let k(d) = d**2 - 45*d - 859. List the prime factors of k(78).
5, 7
Let f(z) = 6*z**3 - 26*z**2 - 3*z + 29. Let d(a) = -7*a**3 + 27*a**2 + 4*a - 31. Let i(s) = 3*d(s) + 4*f(s). What are the prime factors of i(10)?
3, 241
Let y be 7/(35/20) - -68. Let j = y + -70. Suppose j*f - 8 = 0, -2*t + 4*f = -0*f - 140. What are the prime factors of t?
2, 3, 13
Let t = 64265 - 45378. What are the prime factors of t?
11, 17, 101
Suppose -3*p - 5*b - 114 = -12, 147 = -4*p - 3*b. Let o be (-3)/(p/30 + 1). List the prime factors of ((-1698)/o + (-7)/35)/(-1).
2, 5, 17
Suppose 0*r - 39735 = -3*r + 2958. List the prime factors of r.
7, 19, 107
Let k be -1*2 + (-330)/(-6). Suppose -2*v = p - 26, 5*p = 10*v - 13*v + 158. Let f = k - p. What are the prime factors of f?
19
List the prime factors of (-3 - (-70)/15)/(30/102618).
5701
Suppose 99*d - 101*d + 2*m + 22262 = 0, -4*m = 4*d - 44500. What are the prime factors of d?
2, 13, 107
Let a(s) = -s**3 + 14*s**2 + 25*s. Let n be a(14). Suppose 10*l + 1200 = 4*l. Let v = n + l. List the prime factors of v.
2, 3, 5
Let o(i) = 5*i**3 - 39*i**2 + 16*i - 58. List the prime factors of o(16).
2, 5347
Suppose -9*j = -8*j + 4. Let l be ((-2)/j - 1)*-2. List the prime factors of (87 - l) + 0/18.
2, 43
Let m = 29 + -25. Suppose 0*b - 3*b = x - 13, -m*b + 12 = 0. Suppose -x*l = -342 - 38. What are the prime factors of l?
5, 19
Let h(t) = t**2 + 2*t - 5. Let w be h(5). Let m be 2/(-6) - 9800/w. What are the prime factors of 2/4 + m/(-6)?
5, 11
Suppose 15 = 3*m, 0 = -i - 4*m + 25. Suppose -5*w - i*h + 3691 = -2*w, -3*h + 2461 = 2*w. List the prime factors of w.
2, 7, 11
List the prime factors of (-3*2/8)/((-381)/246380).
5, 97
Suppose 0